digit of 1303?
3
What is the units digit of 14088?
8
What is the tens digit of 1350?
5
What is the thousands digit of 3253?
3
What is the tens digit of 16627?
2
What is the hundreds digit of 6331?
3
What is the tens digit of 2181?
8
What is the units digit of 48386?
6
What is the hundreds digit of 4829?
8
What is the hundreds digit of 1414?
4
What is the tens digit of 2487?
8
What is the units digit of 20316?
6
What is the units digit of 68519?
9
What is the hundreds digit of 3937?
9
What is the hundreds digit of 137457?
4
What is the hundreds digit of 576?
5
What is the thousands digit of 101051?
1
What is the ten thousands digit of 10691?
1
What is the tens digit of 1102?
0
What is the units digit of 360?
0
What is the tens digit of 5393?
9
What is the hundreds digit of 1380?
3
What is the units digit of 1687?
7
What is the hundred thousands digit of 179436?
1
What is the hundreds digit of 621?
6
What is the thousands digit of 15541?
5
What is the tens digit of 2593?
9
What is the units digit of 2580?
0
What is the ten thousands digit of 57360?
5
What is the units digit of 3309?
9
What is the thousands digit of 83456?
3
What is the units digit of 1449?
9
What is the thousands digit of 1147?
1
What is the units digit of 37096?
6
What is the units digit of 7982?
2
What is the tens digit of 726?
2
What is the thousands digit of 5694?
5
What is the thousands digit of 4025?
4
What is the thousands digit of 14594?
4
What is the tens digit of 52236?
3
What is the tens digit of 5552?
5
What is the hundreds digit of 1066?
0
What is the units digit of 5398?
8
What is the units digit of 1006?
6
What is the thousands digit of 1810?
1
What is the tens digit of 52937?
3
What is the units digit of 434?
4
What is the thousands digit of 1633?
1
What is the units digit of 111580?
0
What is the units digit of 56901?
1
What is the hundreds digit of 2101?
1
What is the tens digit of 11908?
0
What is the tens digit of 9788?
8
What is the thousands digit of 7462?
7
What is the tens digit of 71338?
3
What is the units digit of 805?
5
What is the tens digit of 718?
1
What is the units digit of 818?
8
What is the units digit of 39896?
6
What is the tens digit of 777?
7
What is the units digit of 4013?
3
What is the thousands digit of 18689?
8
What is the thousands digit of 1506?
1
What is the units digit of 417?
7
What is the tens digit of 5433?
3
What is the thousands digit of 7262?
7
What is the tens digit of 414?
1
What is the units digit of 10314?
4
What is the units digit of 10209?
9
What is the hundreds digit of 1511?
5
What is the hundreds digit of 8707?
7
What is the hundreds digit of 1909?
9
What is the thousands digit of 40014?
0
What is the hundreds digit of 44890?
8
What is the units digit of 97?
7
What is the hundreds digit of 4536?
5
What is the thousands digit of 44185?
4
What is the units digit of 283?
3
What is the tens digit of 18245?
4
What is the hundreds digit of 3793?
7
What is the hundreds digit of 863?
8
What is the ten thousands digit of 21255?
2
What is the hundreds digit of 4583?
5
What is the units digit of 1522?
2
What is the units digit of 13257?
7
What is the ten thousands digit of 11074?
1
What is the units digit of 237?
7
What is the units digit of 10946?
6
What is the hundreds digit of 8802?
8
What is the units digit of 79743?
3
What is the tens digit of 64241?
4
What is the hundreds digit of 3012?
0
What is the thousands digit of 1333?
1
What is the hundreds digit of 248?
2
What is the hundreds digit of 5924?
9
What is the hundreds digit of 3060?
0
What is the units digit of 52800?
0
What is the thousands digit of 7680?
7
What is the hundreds digit of 2839?
8
What is the tens digit of 716?
1
What is the hundreds digit of 2534?
5
What is the thousands digit of 8669?
8
What is the units digit of 5767?
7
What is the units digit of 292?
2
What is the units digit of 4227?
7
What is the ten thousands digit of 91777?
9
What is the ten thousands digit of 76667?
7
What is the hundreds digit of 514?
5
What is the hundreds digit of 719?
7
What is the thousands digit of 6731?
6
What is the units digit of 200?
0
What is the units digit of 77?
7
What is the thousands digit of 4459?
4
What is the thousands digit of 29269?
9
What is the units digit of 2246?
6
What is the tens digit of 13212?
1
What is the tens digit of 691?
9
What is the hundreds digit of 12545?
5
What is the units digit of 272?
2
What is the hundreds digit of 9058?
0
What is the ten thousands digit of 22194?
2
What is the tens digit of 51?
5
What is the tens digit of 395?
9
What is the thousands digit of 3626?
3
What is the units digit of 4401?
1
What is the hundreds digit of 2909?
9
What is the thousands digit of 1306?
1
What is the hundreds digit of 362?
3
What is the units digit of 4935?
5
What is the units digit of 6086?
6
What is the units digit of 8?
8
What is the tens digit of 1230?
3
What is the units digit of 2717?
7
What is the thousands digit of 3510?
3
What is the units digit of 2868?
8
What is the thousands digit of 1730?
1
What is the hundreds digit of 4152?
1
What is the units digit of 3333?
3
What is the units digit of 304?
4
What is the hundreds digit of 12550?
5
What is the thousands digit of 20400?
0
What is the hundreds digit of 32272?
2
What is the thousands digit of 3056?
3
What is the tens digit of 1093?
9
What is the hundreds digit of 7615?
6
What is the thousands digit of 110145?
0
What is the hundreds digit of 8907?
9
What is the tens digit of 1065?
6
What is the tens digit of 52095?
9
What is the thousands digit of 19755?
9
What is the thousands digit of 16429?
6
What is the units digit of 53?
3
What is the tens digit of 2012?
1
What is the tens digit of 728?
2
What is the units digit of 23651?
1
What is the tens digit of 98382?
8
What is the units digit of 3379?
9
What is the units digit of 994?
4
What is the units digit of 3335?
5
What is the tens digit of 4376?
7
What is the hundred thousands digit of 141853?
1
What is the thousands digit of 7882?
7
What is the units digit of 103531?
1
What is the tens digit of 1049?
4
What is the tens digit of 1550?
5
What is the tens digit of 1514?
1
What is the ten thousands digit of 96479?
9
What is the hundreds digit of 1528?
5
What is the hundreds digit of 8921?
9
What is the units digit of 352?
2
What is the hundreds digit of 2944?
9
What is the tens digit of 4143?
4
What is the tens digit of 6005?
0
What is the hundreds digit of 6605?
6
What is the tens digit of 4050?
5
What is the hundreds digit of 16604?
6
What is the ten thousands digit of 63209?
6
What is the hundreds digit of 23752?
7
What is the ten thousands digit of 79791?
7
What is the hundreds digit of 233?
2
What is the ten thousands digit of 59281?
5
What is the tens digit of 162?
6
What is the thousands digit of 4452?
4
What is the hundreds digit of 36731?
7
What is the thousands digit of 4507?
4
What is the tens digit of 11458?
5
What is the thousands digit of 12370?
2
What is the ten thousands digit of 10861?
1
What is the thousands digit of 3870?
3
What is the hundreds digit of 9435?
4
What is the hundreds digit of 10698?
6
What is the hundreds digit of 808?
8
What is the thousands digit of 38271?
8
What is the thousands digit of 3468?
3
What is the units digit of 929?
9
What is the thousands digit of 26539?
6
What is the units digit of 60?
0
What is the tens digit of 10915?
1
What is the tens digit of 34?
3
What is the hundreds digit of 1626?
6
What is the thousands digit of 90533?
0
What is the units digit of 4231?
1
What is the units digit of 16930?
0
What is the units digit of 11?
1
What is the units digit of 20892?
2
What is the units digit of 2449?
9
What is the tens digit of 14049?
4
What is the hundreds digit of 313?
3
What is the hundreds digit of 56600?
6
What is the thousands digit of 14210?
4
What is the tens digit of 989?
8
What is the units digit of 14055?
5
What is the hundreds digit of 266?
2
What is the hundreds digit of 5528?
5
What is the thousands digit of 8284?
8
What is the units digit of 25490?
0
What is the tens digit of 7205?
0
What is the tens digit of 4659?
5
What is the hundreds digit of 1622?
6
What is the units digit of 222?
2
What is the tens digit of 14621?
2
What is the thousands digit of 8260?
8
What is th